ns digit of 48371247?
4
What is the hundreds digit of 320291886?
8
What is the millions digit of 521572898?
1
What is the hundreds digit of 663162287?
2
What is the ten millions digit of 332814789?
3
What is the hundreds digit of 633941933?
9
What is the hundred thousands digit of 810438371?
4
What is the ten thousands digit of 225962065?
6
What is the units digit of 270713755?
5
What is the millions digit of 850875092?
0
What is the hundred millions digit of 466951548?
4
What is the ten thousands digit of 18903914?
0
What is the tens digit of 5251549574?
7
What is the units digit of 175643797?
7
What is the ten millions digit of 1872367173?
7
What is the thousands digit of 586867302?
7
What is the millions digit of 85288201?
5
What is the hundred thousands digit of 130962750?
9
What is the tens digit of 152986749?
4
What is the hundred thousands digit of 2143335015?
3
What is the billions digit of 2140119998?
2
What is the tens digit of 464668537?
3
What is the ten thousands digit of 159462179?
6
What is the hundreds digit of 2322103389?
3
What is the hundred thousands digit of 53110562?
1
What is the ten thousands digit of 54981169?
8
What is the tens digit of 2476046416?
1
What is the tens digit of 84482961?
6
What is the billions digit of 4135491362?
4
What is the thousands digit of 348274485?
4
What is the thousands digit of 536041781?
1
What is the hundreds digit of 3771566306?
3
What is the millions digit of 8711773?
8
What is the ten millions digit of 837744137?
3
What is the units digit of 1686498798?
8
What is the thousands digit of 954239078?
9
What is the thousands digit of 45340468?
0
What is the millions digit of 49241857?
9
What is the tens digit of 4663938239?
3
What is the hundred millions digit of 335838969?
3
What is the millions digit of 3654496323?
4
What is the thousands digit of 281120021?
0
What is the thousands digit of 64502245?
2
What is the hundred thousands digit of 1704170843?
1
What is the thousands digit of 103261062?
1
What is the billions digit of 6505568580?
6
What is the hundreds digit of 40740671?
6
What is the units digit of 3581014094?
4
What is the hundred thousands digit of 54215419?
2
What is the ten thousands digit of 102767819?
6
What is the ten thousands digit of 53775450?
7
What is the hundred thousands digit of 329231717?
2
What is the hundred thousands digit of 5950086333?
0
What is the tens digit of 35208702?
0
What is the millions digit of 137262193?
7
What is the units digit of 1439028275?
5
What is the ten thousands digit of 2849063?
4
What is the thousands digit of 1789850651?
0
What is the ten millions digit of 356256208?
5
What is the units digit of 3613545526?
6
What is the units digit of 4115441159?
9
What is the ten millions digit of 56080499?
5
What is the tens digit of 57088764?
6
What is the ten thousands digit of 96475947?
7
What is the hundreds digit of 16927714?
7
What is the hundred thousands digit of 190432102?
4
What is the units digit of 1635355153?
3
What is the units digit of 427977076?
6
What is the thousands digit of 4477437538?
7
What is the ten thousands digit of 37143214?
4
What is the ten thousands digit of 330788599?
8
What is the tens digit of 34710775?
7
What is the hundreds digit of 104625080?
0
What is the tens digit of 887060334?
3
What is the tens digit of 59624006?
0
What is the tens digit of 25071820?
2
What is the hundred thousands digit of 3843707569?
7
What is the millions digit of 539570086?
9
What is the thousands digit of 712018046?
8
What is the ten millions digit of 877402288?
7
What is the hundreds digit of 141032947?
9
What is the hundred thousands digit of 348078634?
0
What is the thousands digit of 1778374?
8
What is the tens digit of 155138797?
9
What is the hundred thousands digit of 181620135?
6
What is the hundred thousands digit of 68927255?
9
What is the hundred millions digit of 437787641?
4
What is the hundreds digit of 4973780887?
8
What is the tens digit of 29353477?
7
What is the millions digit of 694957565?
4
What is the millions digit of 129072139?
9
What is the millions digit of 46526357?
6
What is the ten millions digit of 50901895?
5
What is the units digit of 39785730?
0
What is the ten millions digit of 4325142169?
2
What is the tens digit of 1960035339?
3
What is the thousands digit of 144054215?
4
What is the ten millions digit of 33434845?
3
What is the ten thousands digit of 64229512?
2
What is the hundred thousands digit of 4330415062?
4
What is the millions digit of 1111748558?
1
What is the hundred millions digit of 422506963?
4
What is the millions digit of 3367146825?
7
What is the ten millions digit of 94905580?
9
What is the ten millions digit of 706703653?
0
What is the thousands digit of 5225025494?
5
What is the hundreds digit of 472162537?
5
What is the tens digit of 89264238?
3
What is the hundreds digit of 1776656188?
1
What is the millions digit of 5442837?
5
What is the hundred thousands digit of 30588306?
5
What is the ten millions digit of 17975064?
1
What is the hundreds digit of 137219184?
1
What is the units digit of 41311902?
2
What is the tens digit of 65857988?
8
What is the hundred thousands digit of 22168277?
1
What is the hundred millions digit of 168652743?
1
What is the units digit of 659824346?
6
What is the millions digit of 3251141390?
1
What is the millions digit of 136852203?
6
What is the hundred thousands digit of 849367741?
3
What is the hundred millions digit of 2029444534?
0
What is the ten thousands digit of 17147717?
4
What is the thousands digit of 3314315117?
5
What is the tens digit of 90493757?
5
What is the millions digit of 3006268709?
6
What is the tens digit of 25244266?
6
What is the millions digit of 171948257?
1
What is the ten thousands digit of 374888343?
8
What is the ten millions digit of 10579309?
1
What is the tens digit of 3719121?
2
What is the ten millions digit of 1102334623?
0
What is the units digit of 2202370654?
4
What is the ten millions digit of 6947787405?
4
What is the units digit of 116297511?
1
What is the ten thousands digit of 1174866126?
6
What is the tens digit of 55763103?
0
What is the millions digit of 62040533?
2
What is the hundred millions digit of 1125261592?
1
What is the ten thousands digit of 1645286027?
8
What is the ten millions digit of 35835504?
3
What is the thousands digit of 6643012?
3
What is the millions digit of 133429560?
3
What is the thousands digit of 983772757?
2
What is the millions digit of 86132140?
6
What is the units digit of 6246461864?
4
What is the units digit of 30962044?
4
What is the millions digit of 55068994?
5
What is the thousands digit of 189860024?
0
What is the ten thousands digit of 1751678287?
7
What is the hundreds digit of 64109507?
5
What is the ten thousands digit of 42783855?
8
What is the hundreds digit of 73439825?
8
What is the units digit of 111555130?
0
What is the thousands digit of 135500309?
0
What is the ten millions digit of 68660568?
6
What is the hundreds digit of 221909191?
1
What is the thousands digit of 271835541?
5
What is the ten millions digit of 353483468?
5
What is the ten thousands digit of 122577428?
7
What is the ten thousands digit of 120178019?
7
What is the thousands digit of 9494152560?
2
What is the millions digit of 1611775430?
1
What is the hundred millions digit of 986485692?
9
What is the thousands digit of 2038750050?
0
What is the hundreds digit of 727810740?
7
What is the hundreds digit of 921838492?
4
What is the thousands digit of 51295071?
5
What is the ten millions digit of 1047162448?
4
What is the tens digit of 1024797646?
4
What is the thousands digit of 721181565?
1
What is the millions digit of 9369162?
9
What is the ten millions digit of 387977781?
8
What is the millions digit of 829126335?
9
What is the hundreds digit of 195636196?
1
What is the ten millions digit of 15562539?
1
What is the ten millions digit of 96908270?
9
What is the billions digit of 2061317408?
2
What is the hundreds digit of 229138986?
9
What is the hundred thousands digit of 277141541?
1
What is the ten millions digit of 6062597564?
6
What is the hundreds digit of 1858238130?
1
What is the ten thousands digit of 6006108692?
0
What is the hundreds digit of 59974613?
6
What is the u